[INFO] cloning repository https://github.com/artifice-network/manager
[INFO] running `Command { std: "git" "-c" "credential.helper=" "-c" "credential.helper=/workspace/cargo-home/bin/git-credential-null" "clone" "--bare" "https://github.com/artifice-network/manager" "/workspace/cache/git-repos/https%3A%2F%2Fgithub.com%2Fartifice-network%2Fmanager", kill_on_drop: false }`
[INFO] [stderr] Cloning into bare repository '/workspace/cache/git-repos/https%3A%2F%2Fgithub.com%2Fartifice-network%2Fmanager'...
[INFO] running `Command { std: "git" "rev-parse" "HEAD", kill_on_drop: false }`
[INFO] [stdout] 2c2c794cf9a6c68b5141fdb27676ee82e7c9af5d
[INFO] checking artifice-network/manager against try#72f88fc4e9458f89516a0b8b0868f3718aec5b47 for pr-74989
[INFO] running `Command { std: "git" "clone" "/workspace/cache/git-repos/https%3A%2F%2Fgithub.com%2Fartifice-network%2Fmanager" "/workspace/builds/worker-7/source", kill_on_drop: false }`
[INFO] [stderr] Cloning into '/workspace/builds/worker-7/source'...
[INFO] [stderr] done.
[INFO] validating manifest of git repo https://github.com/artifice-network/manager on toolchain 72f88fc4e9458f89516a0b8b0868f3718aec5b47
[INFO] running `Command { std: "/workspace/cargo-home/bin/cargo" "+72f88fc4e9458f89516a0b8b0868f3718aec5b47" "read-manifest" "--manifest-path" "Cargo.toml", kill_on_drop: false }`
[INFO] started tweaking git repo https://github.com/artifice-network/manager
[INFO] removed path dependency networking from git repo https://github.com/artifice-network/manager
[INFO] finished tweaking git repo https://github.com/artifice-network/manager
[INFO] tweaked toml for git repo https://github.com/artifice-network/manager written to /workspace/builds/worker-7/source/Cargo.toml
[INFO] crate git repo https://github.com/artifice-network/manager already has a lockfile, it will not be regenerated
[INFO] running `Command { std: "/workspace/cargo-home/bin/cargo" "+72f88fc4e9458f89516a0b8b0868f3718aec5b47" "fetch" "--locked" "--manifest-path" "Cargo.toml", kill_on_drop: false }`
[INFO] [stderr] warning: dependency (networking) specified without providing a local path, Git repository, or version to use. This will be considered an error in future versions
[INFO] [stderr]     Updating crates.io index
[INFO] [stderr] error: the lock file /workspace/builds/worker-7/source/Cargo.lock needs to be updated but --locked was passed to prevent this
[INFO] [stderr] If you want to try to generate the lock file without accessing the network, use the --offline flag.
[INFO] the lockfile is outdated, regenerating it
[INFO] running `Command { std: "/workspace/cargo-home/bin/cargo" "+72f88fc4e9458f89516a0b8b0868f3718aec5b47" "generate-lockfile" "--manifest-path" "Cargo.toml" "-Zno-index-update", kill_on_drop: false }`
[INFO] running `Command { std: "/workspace/cargo-home/bin/cargo" "+72f88fc4e9458f89516a0b8b0868f3718aec5b47" "fetch" "--locked" "--manifest-path" "Cargo.toml", kill_on_drop: false }`
[INFO] [stderr] warning: dependency (networking) specified without providing a local path, Git repository, or version to use. This will be considered an error in future versions
[INFO] [stderr]  Downloading crates ...
[INFO] [stderr]   Downloaded sys-info v0.7.0
[INFO] [stderr]   Downloaded rust-gmp v0.5.0
[INFO] [stderr]   Downloaded rust_info v0.3.1
[INFO] [stderr]   Downloaded networking v0.1.9
[INFO] [stderr]   Downloaded virt v0.2.11
[INFO] [stderr]   Downloaded paillier v0.2.0
[INFO] running `Command { std: "docker" "create" "-v" "/var/lib/crater-agent-workspace/builds/worker-7/target:/opt/rustwide/target:rw,Z" "-v" "/var/lib/crater-agent-workspace/builds/worker-7/source:/opt/rustwide/workdir:ro,Z" "-v" "/var/lib/crater-agent-workspace/cargo-home:/opt/rustwide/cargo-home:ro,Z" "-v" "/var/lib/crater-agent-workspace/rustup-home:/opt/rustwide/rustup-home:ro,Z" "-e" "SOURCE_DIR=/opt/rustwide/workdir" "-e" "CARGO_TARGET_DIR=/opt/rustwide/target" "-e" "CARGO_HOME=/opt/rustwide/cargo-home" "-e" "RUSTUP_HOME=/opt/rustwide/rustup-home" "-w" "/opt/rustwide/workdir" "-m" "1610612736" "--user" "0:0" "--network" "none" "rustops/crates-build-env@sha256:d92eaeed33fa75130ca1ee6c8a01d1ffb62bac859dfdfb3450e3e5d1c0146529" "/opt/rustwide/cargo-home/bin/cargo" "+72f88fc4e9458f89516a0b8b0868f3718aec5b47" "metadata" "--no-deps" "--format-version=1", kill_on_drop: false }`
[INFO] [stderr] WARNING: Your kernel does not support swap limit capabilities or the cgroup is not mounted. Memory limited without swap.
[INFO] [stdout] 291595b377e3d8d5d986a5e51ea189f8d1f7ccc56dd927e771807351b08103ab
[INFO] running `Command { std: "docker" "start" "-a" "291595b377e3d8d5d986a5e51ea189f8d1f7ccc56dd927e771807351b08103ab", kill_on_drop: false }`
[INFO] running `Command { std: "docker" "inspect" "291595b377e3d8d5d986a5e51ea189f8d1f7ccc56dd927e771807351b08103ab", kill_on_drop: false }`
[INFO] running `Command { std: "docker" "rm" "-f" "291595b377e3d8d5d986a5e51ea189f8d1f7ccc56dd927e771807351b08103ab", kill_on_drop: false }`
[INFO] [stdout] 291595b377e3d8d5d986a5e51ea189f8d1f7ccc56dd927e771807351b08103ab
[INFO] running `Command { std: "docker" "create" "-v" "/var/lib/crater-agent-workspace/builds/worker-7/target:/opt/rustwide/target:rw,Z" "-v" "/var/lib/crater-agent-workspace/builds/worker-7/source:/opt/rustwide/workdir:ro,Z" "-v" "/var/lib/crater-agent-workspace/cargo-home:/opt/rustwide/cargo-home:ro,Z" "-v" "/var/lib/crater-agent-workspace/rustup-home:/opt/rustwide/rustup-home:ro,Z" "-e" "SOURCE_DIR=/opt/rustwide/workdir" "-e" "CARGO_TARGET_DIR=/opt/rustwide/target" "-e" "CARGO_INCREMENTAL=0" "-e" "RUST_BACKTRACE=full" "-e" "RUSTFLAGS=--cap-lints=forbid" "-e" "CARGO_HOME=/opt/rustwide/cargo-home" "-e" "RUSTUP_HOME=/opt/rustwide/rustup-home" "-w" "/opt/rustwide/workdir" "-m" "1610612736" "--user" "0:0" "--network" "none" "rustops/crates-build-env@sha256:d92eaeed33fa75130ca1ee6c8a01d1ffb62bac859dfdfb3450e3e5d1c0146529" "/opt/rustwide/cargo-home/bin/cargo" "+72f88fc4e9458f89516a0b8b0868f3718aec5b47" "check" "--frozen" "--all" "--all-targets" "--message-format=json", kill_on_drop: false }`
[INFO] [stdout] b4203022e13de78b3b5b2ddc07b3a0c071c584f5357435485813be52ab98dd44
[INFO] [stderr] WARNING: Your kernel does not support swap limit capabilities or the cgroup is not mounted. Memory limited without swap.
[INFO] running `Command { std: "docker" "start" "-a" "b4203022e13de78b3b5b2ddc07b3a0c071c584f5357435485813be52ab98dd44", kill_on_drop: false }`
[INFO] [stderr] warning: dependency (networking) specified without providing a local path, Git repository, or version to use. This will be considered an error in future versions
[INFO] [stderr]     Blocking waiting for file lock on package cache
[INFO] [stderr]    Compiling autocfg v1.0.1
[INFO] [stderr]    Compiling libc v0.2.77
[INFO] [stderr]    Compiling proc-macro2 v1.0.21
[INFO] [stderr]    Compiling syn v1.0.40
[INFO] [stderr]    Compiling serde v1.0.116
[INFO] [stderr]    Compiling getrandom v0.1.15
[INFO] [stderr]    Compiling typenum v1.12.0
[INFO] [stderr]    Compiling version_check v0.9.2
[INFO] [stderr]     Checking slab v0.4.2
[INFO] [stderr]    Compiling cc v1.0.59
[INFO] [stderr]    Compiling proc-macro-nested v0.1.6
[INFO] [stderr]     Checking futures-core v0.3.5
[INFO] [stderr]     Checking futures-sink v0.3.5
[INFO] [stderr]    Compiling rayon-core v1.8.0
[INFO] [stderr]    Compiling libm v0.2.1
[INFO] [stderr]    Compiling autocfg v0.1.7
[INFO] [stderr]     Checking futures-io v0.3.5
[INFO] [stderr]    Compiling serde_derive v1.0.116
[INFO] [stderr]     Checking regex-syntax v0.6.18
[INFO] [stderr]    Compiling gcc v0.3.55
[INFO] [stderr]     Checking pin-utils v0.1.0
[INFO] [stderr]     Checking base64 v0.12.3
[INFO] [stderr]     Checking opaque-debug v0.3.0
[INFO] [stderr]     Checking rand_core v0.4.2
[INFO] [stderr]     Checking bytes v0.5.6
[INFO] [stderr]     Checking rustc-serialize v0.3.24
[INFO] [stderr]     Checking fnv v1.0.7
[INFO] [stderr]     Checking either v1.6.0
[INFO] [stderr]     Checking untrusted v0.6.2
[INFO] [stderr]     Checking pin-project-lite v0.1.7
[INFO] [stderr]     Checking rust_info v0.3.1
[INFO] [stderr]     Checking futures-task v0.3.5
[INFO] [stderr]     Checking lazy_static v1.4.0
[INFO] [stderr]     Checking futures-channel v0.3.5
[INFO] [stderr]    Compiling generic-array v0.14.4
[INFO] [stderr]    Compiling num-bigint-dig v0.6.0
[INFO] [stderr]     Checking log v0.4.11
[INFO] [stderr]     Checking rand_core v0.3.1
[INFO] [stderr]     Checking aho-corasick v0.7.13
[INFO] [stderr]    Compiling num-traits v0.2.12
[INFO] [stderr]    Compiling num-integer v0.1.43
[INFO] [stderr]    Compiling crossbeam-utils v0.7.2
[INFO] [stderr]    Compiling memoffset v0.5.5
[INFO] [stderr]    Compiling crossbeam-epoch v0.8.2
[INFO] [stderr]    Compiling num-bigint v0.2.6
[INFO] [stderr]    Compiling num-iter v0.1.41
[INFO] [stderr]    Compiling rayon v1.4.0
[INFO] [stderr]     Checking thread_local v1.0.1
[INFO] [stderr]    Compiling rust-crypto v0.2.36
[INFO] [stderr]     Checking num_cpus v1.13.0
[INFO] [stderr]     Checking time v0.1.44
[INFO] [stderr]     Checking iovec v0.1.4
[INFO] [stderr]     Checking net2 v0.2.35
[INFO] [stderr]     Checking rand v0.4.6
[INFO] [stderr]     Checking signal-hook-registry v1.2.1
[INFO] [stderr]     Checking xattr v0.2.2
[INFO] [stderr]     Checking filetime v0.2.12
[INFO] [stderr]     Checking rand v0.5.6
[INFO] [stderr]    Compiling quote v1.0.7
[INFO] [stderr]    Compiling ring v0.13.5
[INFO] [stderr]    Compiling sys-info v0.7.0
[INFO] [stderr]     Checking rand_core v0.5.1
[INFO] [stderr]     Checking tar v0.4.30
[INFO] [stderr]     Checking mio v0.6.22
[INFO] [stderr]     Checking crossbeam-channel v0.4.4
[INFO] [stderr]     Checking rand_chacha v0.2.2
[INFO] [stderr]     Checking rand v0.3.23
[INFO] [stderr]     Checking crossbeam-deque v0.7.3
[INFO] [stderr]     Checking num-traits v0.1.43
[INFO] [stderr]     Checking rand v0.7.3
[INFO] [stderr]     Checking rust-gmp v0.5.0
[INFO] [stderr]     Checking regex v1.3.9
[INFO] [stderr]     Checking block-buffer v0.9.0
[INFO] [stderr]     Checking digest v0.9.0
[INFO] [stderr]     Checking chrono v0.4.15
[INFO] [stderr]     Checking mio-uds v0.6.8
[INFO] [stderr]     Checking sha2 v0.9.1
[INFO] [stderr]     Checking pem v0.8.1
[INFO] [stderr]     Checking simple_asn1 v0.4.1
[INFO] [stderr]     Checking toml v0.5.6
[INFO] [stderr]     Checking serde_json v1.0.57
[INFO] [stderr]     Checking ipnetwork v0.16.0
[INFO] [stderr]    Compiling synstructure v0.12.4
[INFO] [stderr]    Compiling pin-project-internal v0.4.23
[INFO] [stderr]    Compiling zeroize_derive v1.0.0
[INFO] [stderr]    Compiling futures-macro v0.3.5
[INFO] [stderr]    Compiling thiserror-impl v1.0.20
[INFO] [stderr]    Compiling tokio-macros v0.2.5
[INFO] [stderr]    Compiling num-derive v0.3.2
[INFO] [stderr]    Compiling async-trait v0.1.40
[INFO] [stderr]     Checking tokio v0.2.22
[INFO] [stderr]     Checking zeroize v1.1.0
[INFO] [stderr]     Checking thiserror v1.0.20
[INFO] [stderr]     Checking pin-project v0.4.23
[INFO] [stderr]     Checking serde-xml-rs v0.4.0
[INFO] [stderr]     Checking futures-util v0.3.5
[INFO] [stderr]     Checking rsa v0.3.0
[INFO] [stderr]     Checking paillier v0.2.0
[INFO] [stderr]     Checking futures-executor v0.3.5
[INFO] [stderr]     Checking futures v0.3.5
[INFO] [stderr]     Checking networking v0.1.9
[INFO] [stderr]     Checking artifice-manager v0.0.1-alpha1 (/opt/rustwide/workdir)
[INFO] [stdout] error[E0432]: unresolved imports `networking::LongHash`, `networking::NetworkHash`
[INFO] [stdout]   --> src/lib.rs:13:85
[INFO] [stdout]    |
[INFO] [stdout] 13 |     asyncronous::AsyncStream, syncronous::SyncStream, ArtificeConfig, ArtificePeer, LongHash,
[INFO] [stdout]    |                                                                                     ^^^^^^^^ no `LongHash` in the root
[INFO] [stdout] 14 |     NetworkError, NetworkHash,
[INFO] [stdout]    |                   ^^^^^^^^^^^ no `NetworkHash` in the root
[INFO] [stdout] 
[INFO] [stdout] 
[INFO] [stdout] error[E0432]: unresolved import `derive_more`
[INFO] [stdout]  --> src/runtime/mod.rs:4:5
[INFO] [stdout]   |
[INFO] [stdout] 4 | use derive_more::{Display};
[INFO] [stdout]   |     ^^^^^^^^^^^ use of undeclared type or module `derive_more`
[INFO] [stdout] 
[INFO] [stdout] 
[INFO] [stdout] error[E0603]: enum `NetworkError` is private
[INFO] [stdout]    --> src/runtime/mod.rs:7:17
[INFO] [stdout]     |
[INFO] [stdout] 7   | use networking::NetworkError;
[INFO] [stdout]     |                 ^^^^^^^^^^^^ private enum
[INFO] [stdout]     |
[INFO] [stdout] note: the enum `NetworkError` is defined here
[INFO] [stdout]    --> /opt/rustwide/cargo-home/registry/src/github.com-1ecc6299db9ec823/networking-0.1.9/src/lib.rs:174:5
[INFO] [stdout]     |
[INFO] [stdout] 174 | use crate::error::NetworkError;
[INFO] [stdout]     |     ^^^^^^^^^^^^^^^^^^^^^^^^^^
[INFO] [stdout] 
[INFO] [stdout] 
[INFO] [stdout] error[E0603]: enum `NetworkError` is private
[INFO] [stdout]    --> src/lib.rs:14:5
[INFO] [stdout]     |
[INFO] [stdout] 14  |     NetworkError, NetworkHash,
[INFO] [stdout]     |     ^^^^^^^^^^^^ private enum
[INFO] [stdout]     |
[INFO] [stdout] note: the enum `NetworkError` is defined here
[INFO] [stdout]    --> /opt/rustwide/cargo-home/registry/src/github.com-1ecc6299db9ec823/networking-0.1.9/src/lib.rs:174:5
[INFO] [stdout]     |
[INFO] [stdout] 174 | use crate::error::NetworkError;
[INFO] [stdout]     |     ^^^^^^^^^^^^^^^^^^^^^^^^^^
[INFO] [stdout] 
[INFO] [stdout] 
[INFO] [stdout] error[E0432]: unresolved imports `networking::LongHash`, `networking::NetworkHash`
[INFO] [stdout]   --> src/lib.rs:13:85
[INFO] [stdout]    |
[INFO] [stdout] 13 |     asyncronous::AsyncStream, syncronous::SyncStream, ArtificeConfig, ArtificePeer, LongHash,
[INFO] [stdout]    |                                                                                     ^^^^^^^^ no `LongHash` in the root
[INFO] [stdout] 14 |     NetworkError, NetworkHash,
[INFO] [stdout]    |                   ^^^^^^^^^^^ no `NetworkHash` in the root
[INFO] [stdout] 
[INFO] [stdout] 
[INFO] [stdout] error[E0432]: unresolved import `derive_more`
[INFO] [stdout]  --> src/runtime/mod.rs:4:5
[INFO] [stdout]   |
[INFO] [stdout] 4 | use derive_more::{Display};
[INFO] [stdout]   |     ^^^^^^^^^^^ use of undeclared type or module `derive_more`
[INFO] [stdout] 
[INFO] [stdout] 
[INFO] [stdout] error: aborting due to 4 previous errors
[INFO] [stdout] 
[INFO] [stdout] 
[INFO] [stdout] Some errors have detailed explanations: E0432, E0603.
[INFO] [stdout] 
[INFO] [stdout] For more information about an error, try `rustc --explain E0432`.
[INFO] [stdout] 
[INFO] [stderr] error: could not compile `artifice-manager`.
[INFO] [stderr] 
[INFO] [stderr] To learn more, run the command again with --verbose.
[INFO] [stderr] warning: build failed, waiting for other jobs to finish...
[INFO] [stdout] error[E0603]: enum `NetworkError` is private
[INFO] [stdout]    --> src/runtime/mod.rs:7:17
[INFO] [stdout]     |
[INFO] [stdout] 7   | use networking::NetworkError;
[INFO] [stdout]     |                 ^^^^^^^^^^^^ private enum
[INFO] [stdout]     |
[INFO] [stdout] note: the enum `NetworkError` is defined here
[INFO] [stdout]    --> /opt/rustwide/cargo-home/registry/src/github.com-1ecc6299db9ec823/networking-0.1.9/src/lib.rs:174:5
[INFO] [stdout]     |
[INFO] [stdout] 174 | use crate::error::NetworkError;
[INFO] [stdout]     |     ^^^^^^^^^^^^^^^^^^^^^^^^^^
[INFO] [stdout] 
[INFO] [stdout] 
[INFO] [stdout] error[E0603]: enum `NetworkError` is private
[INFO] [stdout]    --> src/lib.rs:14:5
[INFO] [stdout]     |
[INFO] [stdout] 14  |     NetworkError, NetworkHash,
[INFO] [stdout]     |     ^^^^^^^^^^^^ private enum
[INFO] [stdout]     |
[INFO] [stdout] note: the enum `NetworkError` is defined here
[INFO] [stdout]    --> /opt/rustwide/cargo-home/registry/src/github.com-1ecc6299db9ec823/networking-0.1.9/src/lib.rs:174:5
[INFO] [stdout]     |
[INFO] [stdout] 174 | use crate::error::NetworkError;
[INFO] [stdout]     |     ^^^^^^^^^^^^^^^^^^^^^^^^^^
[INFO] [stdout] 
[INFO] [stdout] 
[INFO] [stdout] error: aborting due to 4 previous errors
[INFO] [stdout] 
[INFO] [stdout] 
[INFO] [stdout] Some errors have detailed explanations: E0432, E0603.
[INFO] [stdout] 
[INFO] [stdout] For more information about an error, try `rustc --explain E0432`.
[INFO] [stdout] 
[INFO] [stderr] error: build failed
[INFO] running `Command { std: "docker" "inspect" "b4203022e13de78b3b5b2ddc07b3a0c071c584f5357435485813be52ab98dd44", kill_on_drop: false }`
[INFO] running `Command { std: "docker" "rm" "-f" "b4203022e13de78b3b5b2ddc07b3a0c071c584f5357435485813be52ab98dd44", kill_on_drop: false }`
[INFO] [stdout] b4203022e13de78b3b5b2ddc07b3a0c071c584f5357435485813be52ab98dd44
